5).
-8
Let t(o) = -7*o + 5*o**2 + 0 + o**3 - 6 - o**2. Let a be (80/30)/(4/6). Suppose 0 = 4*q - 3 - 5, a*l = -4*q - 12. Determine t(l).
4
Let u(n) be the third derivative of n**8/6720 + n**7/630 - n**6/180 + n**5/24 - n**4/8 + n**2. Let v(b) be the second derivative of u(b). Determine v(-5).
0
Let p(z) = -z**3 + 8*z**2 + 9*z + 2. Let h be p(9). Let f(s) = h*s - 4 + 2 + 3. Suppose 0 = 8*x - 3*x + 20, 0 = -5*b + 5*x + 35. Determine f(b).
7
Let m(i) be the third derivative of -5*i**4/12 + i**3/6 - 6*i**2. What is m(1)?
-9
Let j(r) = -4*r - 3*r**3 + 2*r**3 - 1 - 6*r**2 - 2*r + 0*r. Suppose 0 = -w + v - 10, -2*w + 4*w - 4*v + 30 = 0. Calculate j(w).
4
Let w(m) be the second derivative of -5*m**4/12 - m**3/3 + m**2/2 - 3*m. Give w(1).
-6
Let x(p) = -33*p + 17. Let z(q) = 99*q - 52. Let l = 9 + -13. Let u(i) = l*z(i) - 11*x(i). Let k(b) = 8*b - 5. Let c(n) = 9*k(n) + 2*u(n). Determine c(2).
9
Let z(k) = -4*k - 7. Let j(w) = w**3 - 6*w**2 + 4*w. Let g be j(5). Give z(g).
13
Let s(u) = 0*u**2 + u**2 - u + 0*u + 81 - 80. What is s(3)?
7
Suppose -3*w = 2*v - 10, 0 = -2*v + 3*v - 3*w - 5. Suppose v*x + b - 20 = 6*b, 3*x + 2*b - 2 = 0. Let f be 2/9 + x/(-9). Let d(r) = r + 3. Give d(f).
3
Suppose -f + 2*m + 10 = 0, m + 2 + 1 = 0. Suppose -2*i - 8 + f = 0. Let h(x) = 2*x**3 + 3*x**2. What is h(i)?
-4
Let p(u) = -u**2 - 7*u - 10. Let f(z) = -3*z**2 - 20*z - 30. Let t(h) = -2*f(h) + 7*p(h). What is t(-7)?
4
Let p(n) = n. Let i(c) = -c. Let z(u) = 6*i(u) + p(u). Let q(k) = k + 10. Let g be q(-9). Calculate z(g).
-5
Let u be 3 + (-1 + 0 - -2). Suppose -u*p - s + 17 = 0, 2 = 3*p - 5*s - 5. Let z(d) = p - 1 - d - 1. Give z(5).
-3
Let w(b) = -16*b + 51. Let x(t) = -3*t + 10. Let o(y) = -2*w(y) + 11*x(y). Determine o(7).
1
Let x(p) be the second derivative of p**4/12 - 5*p**3/3 + p**2 + 5*p. Give x(9).
-7
Let s(x) = -9*x + 4. Let k(o) = -10*o + 5. Let y(b) = -4*k(b) + 5*s(b). Determine y(1).
-5
Suppose -2*n = n - 6. Let d(l) = -l**2 + 4*l + 7. Let y be d(5). Let v(o) = -4*o + y*o - 1 + 1 - n. Calculate v(4).
-10
Let u(q) = -q + 2. Suppose 0 = 4*z + 7*z - 77. Give u(z).
-5
Let c(k) = -k**3 + 5*k**2 - 3*k - 11. Let q(j) = j**3 - 5*j**2 + 3*j + 10. Let x = 6 + -9. Let o be (-3)/2*12/x. Let w(m) = o*c(m) + 7*q(m). Calculate w(3).
-5
Let c(f) = 9*f**3 - 4*f**2 - 2*f + 11. Let w(j) = 5*j**3 - 2*j**2 - j + 6. Let r(m) = -4*c(m) + 7*w(m). Let n = -4 - -6. What is r(n)?
0
Let w(d) be the first derivative of d**5/20 + d**4/4 + d**3/6 - 2*d**2 + 4*d - 4. Let u(s) be the first derivative of w(s). Determine u(-3).
-7
Suppose 3*g - 2 = 2*g. Let n be 2/(-10) + (-48)/(-15). Let c(p) = -2 + 2*p**n + 0*p**2 - 4*p + 5 - p**2 + 0*p**2. Give c(g).
7
Let y(o) be the second derivative of -o**6/360 + o**5/24 - o**4/6 - o**3/2 + 4*o. Let x(n) be the second derivative of y(n). Calculate x(5).
-4
Suppose 2*f = 3 - 9. Let c(m) = m + 4. Let x be c(f). Let k(z) = x - z**2 + 0*z**2 + 0 - z. Give k(-3).
-5
Let v be (-3)/4 - (-22)/8. Let q = v + 0. Let l(u) = u**2 + 1 + u**3 - 5*u + q*u**2 + 0*u**2 + 0*u**3. Calculate l(-4).
5
Let g(l) = -2 + 7*l + 1 + 10*l. Calculate g(1).
16
Let h(t) be the first derivative of t**3/3 - t**2/2 - 2*t - 2. Let l(i) = i**2 + 8*i + 7. Let x(p) = 2*p + 1. Let u be x(-4). Let g be l(u). Determine h(g).
-2
Let p(z) = -2*z**3 + 2*z**2 + 5*z + 15. Let o(v) = -v**3 + v**2 + 2*v + 7. Let l(m) = -5*o(m) + 2*p(m). Let b = 27 + -27. Calculate l(b).
-5
Let i(j) = -j**2 - 6*j + 10. Suppose -v + 0*v + 18 = -2*y, 0 = v - 4. Calculate i(y).
3
Let j(d) be the first derivative of d**5/60 + d**4/24 - 2*d**3/3 - 3*d**2/2 - 5. Let z(h) be the second derivative of j(h). What is z(-4)?
8
Let t(c) be the second derivative of c**4/12 + 3*c**3/2 - 7*c**2/2 + 16*c. Calculate t(-9).
-7
Let w(c) = 5*c + 39. Let o be w(-9). Let i(a) = -a**3 - 5*a**2 + 6*a + 3. What is i(o)?
3
Suppose -3*a = 2*d - 20, 2*a = -3*d - 3 + 8. Let j be (25/a)/(1/(-2)). Let h(c) = -3*c - 2. Let x(t) = 4*t + 2. Let z(y) = j*h(y) - 4*x(y). What is z(-2)?
4
Let y(g) = -8*g + g**2 + 2*g**2 + 2 + 4*g. Suppose 0*r + 15 = b + r, 66 = 5*b + 2*r. Let p = b - 10. What is y(p)?
6
Suppose -2*r = -2, 5*w - r = -4*r + 13. Let v(t) = 8*t - 3. Give v(w).
13
Let c(s) be the second derivative of -s**5/20 + 7*s**4/12 + s**3/6 - s**2 + 19*s. Calculate c(7).
5
Let y(s) = -4*s**3 - s**2 + 1. Let q = -8 + 6. Let m be (4 - (q + 5)) + 3. Suppose 0 = 2*g - 5*j - 17, 9*g - 17 = 4*g + m*j. Determine y(g).
-4
Let h(k) = k. Let t(y) = -3*y**2 - 6*y + 2. Let l(q) = 4*h(q) + t(q). Let p be (-1)/2*(-3 - -7). Calculate l(p).
-6
Let j = -8 - -10. Let m(c) be the first derivative of 1/2*c**j + 2 + 0*c. Determine m(-5).
-5
Let l(d) = -12*d**2 + 27*d**2 - 27*d**2 + d. What is l(-1)?
-13
Suppose -2*f = 2*h - 4, 5*h = 2*f + 24 - 7. Let p(y) = 4*y**3 + y. Determine p(f).
-5
Let o(w) = w**3 + w**2 - 2*w + 3. Suppose 7*d - 2*d = -10, -2*s - 3*d + 12 = 0. Let z = s + -2. Suppose 0 = -3*h + 5*m + 16, h + m = 5*h + z. Determine o(h).
-9
Let g(r) = 0*r + 0*r + r**2 + 0*r. Give g(0).
0
Let v(k) = k**2 - 5*k - 1. Let q be v(6). Suppose 3*t - 3*w + q = 32, -20 = -2*t + 3*w. Let r(b) = -b**3 - 2 + 3 + t*b**3. Give r(-1).
-5
Let d(s) = -2*s**2 + 2*s - 1. Let z be ((-1)/(-2))/(2/76). Suppose -z = u - 5*b, -6*b = -4*u - b - 16. Determine d(u).
-1
Let g(s) = 17*s**2 + 6*s + 13. Let y be (36/16)/(2/8). Let p be (14 + y/(-3))*1. Let j(k) = 9*k**2 + 3*k + 7. Let n(c) = p*j(c) - 6*g(c). What is n(-2)?
-7
Let w(v) = -v - 18. Let h be ((-3)/9)/(((-6)/(-99))/2). Determine w(h).
-7
Let d(s) = s**3 + 6*s**2 + 3*s + 2. Let j be (4/(-6))/((-6)/(-45)). Give d(j).
12
Suppose 2*v = -0*v. Suppose v*w - 3*w = 0. Let r(o) = -o - 3. Determine r(w).
-3
Suppose 2*m + 2*m - 32 = 0. Let s = 12 - m. Let z(r) = r**3 - 4*r**2 + 4. Calculate z(s).
4
Let z(r) = 9*r + 15. Let x(y) = -5*y - 8. Let i(o) = -11*x(o) - 6*z(o). Give i(0).
-2
Let o(x) = -x**3 - 3*x**2 - 2*x + 2. Let u(k) = -3*k**3 + k**2 - 2*k + 2. Let q be u(1). Calculate o(q).
2
Let k = -6 - -9. Let d(x) = 4*x**2 - x**3 + x + 2 - k*x - 4. Calculate d(2).
2
Let a be 2 + -2 + (0 - -2). Let n(i) = -5*i**2 - i + 1. Let d(l) = -11*l**2 - 3*l + 2. Let q(k) = 2*d(k) - 5*n(k). Give q(a).
9
Let b(u) be the second derivative of -u**4/12 - 4*u**3/3 - u**2 - 7*u. Give b(-6).
10
Let o(a) be the third derivative of 4*a**2 + 0*a + 1/60*a**6 + 1/20*a**5 - 1/3*a**3 + 0 + 0*a**4. Calculate o(-2).
-6
Let g(f) be the second derivative of 5*f**4/6 - f**3/3 - f**2/2 - 2*f. Let h be (5/3)/((-8)/(-168)). Let m be h/(-30) + 2/12. Give g(m).
11
Let z(y) = 3*y - 1. Let r be 32 - (-1 + -3 + 4). Suppose 2*f + 0*f - 11 = -a, -5*f + r = 4*a. Determine z(a).
8
Suppose -16 = 17*m - 9*m. Let g(c) = c**3 + 3*c**2 + c + 1. Calculate g(m).
3
Let f(c) = 2 + c**2 + 4*c - 4 + 3. Calculate f(-6).
13
Let d(g) = g**2 + 6*g + 3. Let z(c) = -6*c**2 - 31*c - 16. Let u(j) = -11*d(j) - 2*z(j). Let n = -47 - -50. Give u(n).
-4
Let j(m) be the third derivative of m**5/60 - m**4/6 - m**3/6 + 11*m**2. Calculate j(3).
-4
Let m(q) be the first derivative of -q**4/4 + q**3/3 + 3*q**2/2 + q - 9. Calculate m(-2).
7
Let m(p) be the third derivative of p**5/60 - p**4/24 - p**3/6 + 2*p**2. Let s be m(2). Let r be (-3 - -2)*(s + -4). Let b(l) = l**3 - 2*l**2 - 2. What is b(r)?
7
Let l(d) = -3*d - 2. Let h(k) = -k**3 + 3*k**2 + 3. Let o be h(3). Let r(m) = -2*m - 1. Let x(z) = o*l(z) - 5*r(z). What is x(5)?
4
Let v = 13 + -19. Let m(a) = -a**2 - 3*a + 7. Give m(v).
-11
Let h(a) be the second derivative of a**5/20 + 2*a**2 - 22*a. Give h(0).
4
Let h(l) = l**2 - l. Let z(x) = 5*x**2 - 3*x - 1. Let f(t) = 2*h(t) - z(t). Let r = -2 + 0. Let p = r + 1. Determine f(p).
-3
Let z(a) be the first derivative of -a**3/3 + 2*a**2 + 7*a + 1. Let i be z(5). Suppose 3*s - i*s = 3. Let o(t) = t**2 - 5*t + 3. Calculate o(s).
-3
Let f(y) = -y**3 + 4*y**2 - 4*y + 3. Let v be 1/((-2)/(0 + -2)). Let i(c) = 1. Let j(m) = v*f(m) - 4*i(m). Give j(3).
-4
Let u(d) be the second derivative of -d**5/4 - d**4/12 + 2*d. Let h(m) = -m**3 - 12*m**2 - 12*m - 15. Let b be h(-11). Let a be 1/b - (-5)/4. What is u(a)?
-6
Let l(n) = n**2 - n - 2. Let o(q) = 2*q - 11. Let k = -13 + 20. Let b be o(k). Determine l(b).
4
Let o(a) = -13*a**3 + 37*a**2 + 32*a - 11. Let k(f) = 3*f**3 - 9*f**2 - 8*f + 3. Let l(j) = -9*k(j) - 2*o(j). What 